 divisor of f and j?
4
Let x be (-4)/(-6) + 176/6. Suppose -g - 3*g + 4*w = -164, -2*w + 90 = 2*g. Suppose -38*z = -g*z + 375. What is the greatest common divisor of x and z?
15
Let k be 8/(-48) - (-419)/(-6). Let c = 38 - k. What is the greatest common divisor of 72 and c?
36
Suppose 3*g + 2*g = 330. Let d be (-5)/(20/352)*2/(-4). Let s = d - 38. What is the greatest common factor of s and g?
6
Let g be -3*6/117 - (-4996)/26. What is the highest common factor of 36 and g?
12
Let v(g) = -7 + 3 + 3 + g + 0. Let i be v(10). Calculate the greatest common factor of 15 and i.
3
Let p(u) = -u**3 + 8*u**2 + 17*u - 39. Let a be p(9). What is the greatest common factor of a and 242?
11
Let k(s) be the first derivative of -s**2/2 + 15*s - 4. Let c be k(9). Let r be (54/12)/(1/c). Calculate the greatest common factor of r and 189.
27
Let j(z) = z**2 + 21*z + 117. Let d be j(-12). What is the highest common divisor of d and 225?
9
Suppose -2*a = -v + 4*v + 1453, 5*v + 4*a + 2419 = 0. Let k = -326 - v. Calculate the greatest common divisor of k and 23.
23
Suppose 0 = -i - 4 + 37. Let h be (-106)/(-14) + 9/21. Let d be 2/h - 43/(-4). Calculate the greatest common factor of i and d.
11
Suppose -2*r = -5*l - r + 1012, r = 4*l - 809. What is the greatest common divisor of 29 and l?
29
Let i(l) = -2*l**3 - 3*l**2 - 2*l. Let o be i(-2). Let y = -113 + 109. Let k be 11 - 0 - 12/(-16)*y. What is the greatest common divisor of o and k?
8
Suppose 2*b - 13 = -q, 2 = q - 1. Suppose b = 2*w - 13. What is the greatest common divisor of 3 and w?
3
Let f(p) = -p**3 - 15*p**2 - 38*p - 10. Let b be f(-12). What is the greatest common factor of 1372 and b?
14
Let w = 489 + -249. What is the highest common divisor of 96 and w?
48
Let h(g) = 3*g - 60. Let d be h(30). What is the highest common factor of 78 and d?
6
Let d(q) = q**3 + 9*q**2 - 21*q + 15. Let j be d(-11). Suppose 31 + 41 = j*w. What is the highest common factor of w and 144?
18
Let j(n) = n**3 - n**2 - 3*n + 6. Let o be j(4). Suppose -2*g = -5*w - 64, -170 + o = -4*g + 3*w. What is the highest common factor of g and 224?
32
Suppose -3 = -5*y + 17. Suppose -l - 36 = -3*z - y*l, -5*l - 42 = -z. What is the greatest common factor of 85 and z?
17
Let m be (66/8)/(1/4). Let n = -7825 + 7847. What is the highest common factor of n and m?
11
Suppose -67*y = -63*y - 416. Calculate the greatest common divisor of 32 and y.
8
Suppose 0 = 6*n - 2*n - 3*m - 712, 0 = n - m - 179. What is the highest common factor of n and 140?
35
Let r(x) = -645*x + 440. Let j be r(-3). Calculate the highest common divisor of j and 95.
95
Let a be 5*((-264)/(-15))/4. Let k(i) = -206*i**2 + i + 1. Let u be k(-1). Let f = u - -360. What is the greatest common divisor of f and a?
22
Suppose 5*y = 2*u + 350, -y + 4 = -3*u - 79. What is the greatest common factor of y and 204?
68
Let k be (14*(-3)/(-6))/1. Let o(d) = -d**2 + 23*d - 113. Let f be o(8). Calculate the greatest common divisor of f and k.
7
Let z(m) = m - 13. Let u be z(12). Let o(d) = -9*d - 4. Let p be o(u). Calculate the greatest common factor of p and 20.
5
Suppose 4*s = -3*d + 116, -3*d + 2*d = -4. Suppose -f + 5*f = -5*p + s, -f + p = -2. Let o be 3*f/6 + 2. Calculate the greatest common factor of o and 32.
4
Let p(v) = v - 11. Let i be p(0). Suppose -3 = k - 5. Let j be 200 + k + 22/i. Calculate the highest common factor of 25 and j.
25
Suppose -34*f = -31*f - 375. What is the highest common factor of 75 and f?
25
Let v(c) = -34*c + 8. Let h be v(-3). Suppose -2*t = -h + 20. Calculate the greatest common factor of 18 and t.
9
Suppose p + 3*o - 69 = 5*o, -3*o - 6 = 0. Calculate the highest common divisor of 104 and p.
13
Suppose 0 = -3*b + 3, 5*d - b = 4*b + 5770. Calculate the greatest common divisor of d and 66.
33
Let o(k) = k**3 + 10*k**2 + 21*k - 3. Let q be 81/(-15) - (132/(-30) + 4). Let s be o(q). What is the highest common factor of 136 and s?
17
Let r(o) = 474*o**3 + 2*o**2 - 4*o + 3. Let k be r(1). Calculate the greatest common divisor of 50 and k.
25
Suppose 0 = 3*k + 3*o + 117, 0 = 4*k - 10*o + 5*o + 147. Let h = k + 77. What is the greatest common factor of h and 6?
3
Let d = 243 - -349. Calculate the greatest common divisor of d and 16.
16
Let k(a) = 19*a**2 + 11*a + 6. Let f be k(4). Suppose 0 = 2*x - 5*x - u + 213, f = 5*x + 2*u. Let h = -19 + 28. What is the highest common factor of h and x?
9
Let s(r) = -8*r + 60. Let t be s(3). Calculate the highest common divisor of 135 and t.
9
Let v(b) = 20*b + 1. Let y be v(2). Let o = y + 13. Calculate the highest common divisor of 270 and o.
54
Suppose 13*c - 147 = -3*l + 10*c, 4*l + 3*c = 199. Suppose 2*f = 2*p - 24 - 2, -3*p + 2*f + 39 = 0. Calculate the highest common divisor of l and p.
13
Let n be (-57)/(-18) - 3/18. Let o = 286 - 66. Suppose o = n*z + z. Calculate the greatest common divisor of z and 22.
11
Let c = -48 - -732. Calculate the highest common factor of c and 76.
76
Let m(i) = i**2 + 8*i. Let o be m(-8). Suppose r + 2 - 6 = o. Suppose -3*c - 236 = -6*c - r*d, -c = 4*d - 92. What is the highest common divisor of c and 9?
9
Let n = 5 - -15. Let h(w) = -w**3 + 4*w**2 - w - 2. Let r(s) = -s**3 - 6*s**2 + 2. Let b be r(-6). Let u be h(b). What is the greatest common factor of n and u?
4
Let k(l) = -l**2 - 11*l + 104. Let t be k(-16). Calculate the highest common factor of t and 54.
6
Let v be -6*(4 + (-16)/3). Let d(t) = 4*t - 9*t - 21 + 27 - 8*t. Let r be d(-2). Calculate the highest common factor of v and r.
8
Let z be 212/3 - 2/3. Suppose -6*o = -564 - 138. Let d = -107 + o. Calculate the greatest common divisor of d and z.
10
Let c be ((-181)/(-181))/(2/128). Calculate the highest common factor of c and 80.
16
Suppose m - 10 = 6. Let u be 4/(-14) - (-898)/7. What is the highest common divisor of u and m?
16
Suppose -6*b + 2*b - 5*w + 34 = 0, 3*b - 4*w - 10 = 0. Let p(v) = 11 + 5 + 12*v + 15 - 43. Let g be p(b). Calculate the greatest common factor of 24 and g.
12
Let s be 36/8*4/2*7. What is the highest common factor of s and 567?
63
Let h = -276 - -290. Suppose -5*n = -0*g - 5*g - 35, 2*g - 14 = -5*n. Let d be 615/n + 1/4. What is the highest common divisor of h and d?
14
Let s = -26 - -20. Let l be (-14)/(-21)*s/(-2). Let n be (-9*2/l)/(-1). Calculate the highest common factor of 9 and n.
9
Suppose 5*j = 4*l - 61, 8*l - 10*l + 26 = 2*j. Calculate the highest common factor of l and 58.
2
Let r = -32 + 46. Let v be ((-12)/(-14))/(15/r - 1). Calculate the highest common divisor of 12 and v.
12
Let h = -20 + 22. Suppose -5*m + 4 = v, -36 = -v - h*m + 5*m. What is the highest common factor of v and 84?
12
Suppose -68 = -5*p - 2*w, 4*w + w = 4*p - 61. Let f be ((-4)/14)/1 - (-32)/p. Calculate the greatest common factor of f and 10.
2
Let n = 0 + -2. Let s be (-2 + n/2)*104/(-12). What is the highest common factor of s and 13?
13
Let p(i) = -17*i**2 + i - 5. Let y be p(7). Let d = y + 1965. Let b be ((-1)/(-3))/(14/d). Calculate the highest common divisor of b and 27.
27
Let t = -964 - -999. Calculate the greatest common divisor of t and 120.
5
Let k be ((-17)/(-2) - 1)*2. What is the greatest common factor of 120 and k?
15
Let k(h) = 49*h - 8. Let i be k(2). Calculate the highest common divisor of i and 100.
10
Let q(s) = 2*s + 2*s + 0*s + 5*s + 3. Let f be (2/(-4))/((-3)/18). Let k be q(f). Calculate the highest common factor of 6 and k.
6
Suppose -84*o = -94*o + 1800. Calculate the greatest common factor of o and 108.
36
Let k be 4/14 - 141/(-21). Suppose -5*t + 2*b - 383 = -10*t, -3*t + 234 = -3*b. Calculate the highest common factor of t and k.
7
Suppose 0 = -21*b + 22*b - 14. Let z(g) = g**3 - 14*g**2 + 12*g - 14. Let r = 5 - -9. Let a be z(r). What is the highest common factor of a and b?
14
Suppose -4*k + 5*k - 2 = 0. Suppose -2*a - 3 = -f, k*f - 18 = 6*f + 2*a. Let h be 6/(-9) - 38/f. What is the greatest common divisor of 24 and h?
12
Suppose -2 + 6 = -4*c, -a = 2*c. Suppose 16 - 8 = a*n. Let b(u) = -9*u + 2. Let g be b(-2). Calculate the greatest common factor of g and n.
4
Suppose t + t - 3*j + 5 = 0, 0 = -4*t + 4*j. Suppose -435 = -t*l + 3*u, 3*u + 9 = 2*l - 174. Let z = 4 + 8. What is the greatest common divisor of l and z?
12
Let r(y) = -y**3 - 9*y**2 + 3*y + 15. Let s be r(-9). Let h = s +